ime factors of ((-1434444)/(-21) - 750/875) + (-5)/1?
3, 7589
Let s = -77 - -75. What are the prime factors of 4 - s - (-512 + -5)?
523
Suppose 3*s = 8*s - 3*c - 384, 0 = s + 2*c - 69. Suppose -s*i = -70*i - 1190. What are the prime factors of i?
2, 7, 17
Let c = -9825 + 21353. What are the prime factors of c?
2, 11, 131
Let q(p) = -23*p - 2. Let v(o) = 24*o + 2. Let m(t) = 3*q(t) + 4*v(t). Let s be m(8). Let a = s - 151. List the prime factors of a.
67
Let c = 385 + -349. Suppose 174 = 21*y - c. List the prime factors of y.
2, 5
Let b = -193 + 209. Suppose 5*r + 2*d - 433 = 0, b*r - 20*r = -5*d - 320. What are the prime factors of r?
5, 17
Let l = -14 + 26. Let q be 4*((-45)/l)/(-5). Suppose -6*u = -q*u - 2*g - 103, 4*g - 157 = -5*u. What are the prime factors of u?
3, 11
Suppose 0 = x - 1430*a + 1435*a - 17271, 0 = -x + 2*a + 17306. What are the prime factors of x?
2, 23, 47
Let w(c) = c - 11. Let d be w(12). Let o be d - 12/4 - -4. Suppose o*u - 153 = -u. What are the prime factors of u?
3, 17
Let n = 4782 - 2407. Let o = -1473 + n. List the prime factors of o.
2, 11, 41
Suppose -6*c = -4*c - 26. Let w = c + -14. List the prime factors of w*564/(-16)*4.
3, 47
Let j(t) = 194*t**2 - 30*t - 93. Let p be j(-3). What are the prime factors of (6/3 + -4)*p/(-14)?
3, 83
Suppose 24 = -0*a + 8*a. Suppose -4 = -a*n - h - 66, -2*n = 3*h + 46. Let k = 26 + n. What are the prime factors of k?
2, 3
Let m(k) = 61*k**2 + 21*k - 189. List the prime factors of m(-26).
101, 401
Let p(z) = -108*z + 2. Let q be p(-8). Suppose -3*c + 2*j + q = 0, -4 = -j + 1. What are the prime factors of c?
2, 73
Let g be (12/5)/(4/20). Suppose -6*u + 9144 = g*u. What are the prime factors of u?
2, 127
Suppose -v + 31876 = 4*c, -2*v + 2*c + 57138 = -6554. What are the prime factors of v?
2, 7963
Let c(y) = 3*y + 1. Let n(w) = -55*w - 99. Let a(b) = -6*c(b) - n(b). What are the prime factors of a(18)?
3, 11, 23
Suppose 3*y = -22*m + 25*m - 84, -2*m = y + 43. Let q(j) = -j**3 - 33*j**2 - 20*j - 25. What are the prime factors of q(y)?
5, 127
Let y(l) = 11*l - 73. Let s be y(7). Suppose -5*z + 314 = -s*z. List the prime factors of z.
2, 157
Suppose 5*p = p + 40. Let k = 8165 + -8162. Suppose 5*c - p = 0, 0*c - 311 = -5*g - k*c. List the prime factors of g.
61
What are the prime factors of (8/(-208)*-13)/(2/27368)?
2, 11, 311
Suppose 0*x + 58752 = 24*x. Suppose -10*l = -l - x. List the prime factors of l.
2, 17
Let s be (-66)/132 + 1766/4. Let c = s + 136. List the prime factors of c.
577
Let d(l) = -3518*l - 921. List the prime factors of d(-10).
34259
Let g = -306 - -456. Suppose 7*j + 15 = 10*j. Suppose -j*c - 233 - 172 = -5*u, -2*u = c - g. List the prime factors of u.
7, 11
List the prime factors of 10099 + (-15 + 48 - 14).
2, 5059
Let r(y) be the first derivative of 3*y**2/2 - 3*y - 44. Let n be r(21). Suppose -n = -2*p - 10. What are the prime factors of p?
5
Suppose 24*v - 14705 = 113191. List the prime factors of v.
73
Let f = 97 - 110. Let u = f + 17. What are the prime factors of (u - 5)*(-2 + -145)?
3, 7
What are the prime factors of 12 - 118370/(12 + -17)?
2, 13, 911
Let r be (-6*(-34)/(-16))/((-168)/448). Suppose 4*b - 54 = -r. List the prime factors of b.
5
Suppose -5*b + 183 = -167. Let p be (-5)/(1 - 0) - -6. List the prime factors of (11 - 10)*(b + p).
71
Suppose 0 = 5*q - 2*z + 26, 11 = -0*q - 2*q + z. Let u be q/(4 - 45/10). Suppose -u*y = 5*y - 468. List the prime factors of y.
2, 3
Suppose -12*o + 14*o - 2 = 0. Let n be 10 + -3 - 2 - o. Suppose 0 = -5*z + n*q + 1098, 9*q - 5*q = 4*z - 880. List the prime factors of z.
2, 109
Let j = -18175 - -33140. List the prime factors of j.
5, 41, 73
Suppose 4*t = -4*n + 13 + 147, 0 = -t - 4. Suppose 13*i + 6789 = n*i. List the prime factors of i.
3, 73
Let g(a) = -9*a - 103. Let k be g(-14). Let v(y) = 14*y - 37. What are the prime factors of v(k)?
3, 5, 19
Suppose 1742 + 274 = 6*n. List the prime factors of (n/35)/8*355.
2, 3, 71
Let v(t) = -2*t**2 + 2*t - 12. Let r be -5 + 1 + 1 - (-32)/(-4). Let o(k) = k**2 - k + 6. Let x(j) = r*o(j) - 6*v(j). What are the prime factors of x(4)?
2, 3
Suppose 10*v + 80 = 50*v. Suppose 0 = l - v*a - 409, 0 = -3*l + 5*a - 226 + 1448. List the prime factors of l.
3, 7, 19
Suppose 211*i = 181*i + 91680. List the prime factors of i.
2, 191
Suppose -3*k + 27*s = 28*s - 8484, 3*k - 4*s - 8499 = 0. List the prime factors of k.
3, 23, 41
Suppose -22398 = -2*i - 5*g - 3518, -4*i + 3*g + 37708 = 0. List the prime factors of i.
2, 5, 23, 41
Let y = 29949 - 20080. What are the prime factors of y?
71, 139
What are the prime factors of (-264)/1188 - (1 - (-613145)/(-9))?
2, 23, 1481
Let n(s) be the second derivative of -s**5/20 + 7*s**4/12 - 4*s**3/3 + s**2 - 3*s. Let u be n(7). List the prime factors of 1498/18 + 12/u.
83
Suppose 14*d - 70 = 4*d + 26570. What are the prime factors of d?
2, 3, 37
List the prime factors of 476085/33 + (-7)/((-1309)/34).
3, 7, 229
Let s = -973 - -1827. Suppose -6*i + 3608 = s. What are the prime factors of i?
3, 17
Let f(o) = 9 - 11 + 95*o - 6 + 0. Let z be f(2). Suppose 0*q + z = 2*q. What are the prime factors of q?
7, 13
Let w(z) = -456*z + 3114. List the prime factors of w(-9).
2, 3, 401
Suppose 0 = g - 4, 5*g - 200505 = -16*o + 11*o. List the prime factors of o.
101, 397
Let z(a) = 19*a**2 + 183*a + 60. What are the prime factors of z(-58)?
2, 26681
Suppose 34 = 2*n + 4*x, 64 - 10 = 4*n + x. Let i(y) = -2 - 2*y - n + 23*y - 9. What are the prime factors of i(5)?
3
Let r = -30 + 29. Let i be (1/3)/(r/(-402)). Suppose a - 134 = -3*l, -a + 4*l = -l - i. What are the prime factors of a?
2, 67
Let r(u) = 7*u**2 - 2*u - 2. Suppose 5*x + 31 = -4*j - 0*x, -4*x - 32 = 5*j. Let n be r(j). Suppose n + 152 = 2*q. What are the prime factors of q?
3, 5
Let c(m) = -m**3 + 12*m**2 + 22*m + 88. Let u be c(14). Suppose -200 = -3*y + 3*g + 4189, 0 = 3*y + u*g - 4403. List the prime factors of y.
5, 293
Let f = -20448 + 44950. What are the prime factors of f?
2, 12251
Let m(c) = 6*c + 89. Let h be m(-14). Suppose 3*r = -h*q + 3126, 5*r - 5173 = 81*q - 77*q. List the prime factors of r.
17, 61
Let s(y) be the second derivative of 12*y**5/5 - 2*y**4/3 + 5*y**3/6 + y**2/2 + 3*y - 35. What are the prime factors of s(3)?
2, 5, 31
Let f(k) = -k**2 - 3*k + 212. Let r be f(-16). Let l be (1 - 6)*(1 + -2). Suppose -3*g + 35 = l*i - 21, -40 = -4*i - r*g. What are the prime factors of i?
13
Let p = 9484 + -6337. List the prime factors of p.
3, 1049
Let o(y) = 4*y + 160*y**2 + 18 + 15 - 28. What are the prime factors of o(-1)?
7, 23
Let y = -57430 - -90734. List the prime factors of y.
2, 23, 181
Let u be (-5)/(-2)*40/25. Let r be (16/(-14))/(u/(-14)). What are the prime factors of r/(16/(-167))*-4?
167
Let d(h) = -h**3 + 8*h**2 - 39*h - 28. List the prime factors of d(-11).
2, 3, 5
Suppose 31844 = 20*d + 8884. What are the prime factors of d?
2, 7, 41
Let q = -36 - -34. Let c(d) = -d - 2. Let x be c(q). Suppose 5*i + n = 323, -i - 2*n - n + 73 = x. List the prime factors of i.
2
Let g(w) = 157*w**2 + 2*w - 3. Let q be g(1). Let z(y) = -25*y + q - 327 + 160. List the prime factors of z(-4).
89
Suppose 5*s + 3070 = -5*f, -4*s + f - 2474 = -4*f. Let u = -8 - s. What are the prime factors of u?
2, 19
Let k = -11 + 16. Suppose -2 = g + 2*d, -g - k*d = 6 + 2. Suppose -2*y - g*r + 206 = 2*y, y - 49 = -3*r. List the prime factors of y.
2, 13
Let z = 340 + -348. What are the prime factors of (0 - z/(-2)) + 287?
283
Let l(h) = 2*h**3 - 11*h**2 + 11*h - 21. Let x be l(7). Suppose 0 = -q + 3*y + 33 + 48, y = -3*q + x. Suppose 151 = r + q. List the prime factors of r.
2, 41
Suppose 185 = -5*j - z - 4*z, -3*z = -2*j - 74. Let t = j - -41. Suppose -4*h - y + 514 = 0, 2*y = -t*h + 5*y + 506. What are the prime factors of h?
2
Let a be (5 + 0 - 3)/(2/(-4)). Let l(y) = -136*y - 47. List the prime factors of l(a).
7, 71
Suppose 12*h - 11*h = v + 5958, 4*v + 5952 = h. List the prime factors of h.
2, 5, 149
Let p(i) be the first derivative of -i**3/3 - 15*i**2/2 + 5. Let k be p(-13). Let d = 1 + k. List the prime factors of d.
3
Let x(p) = 479*p + 1457. What are the prime factors of x(4)?
3373
Suppose -5*u + 11 = 11. Suppose h + 3*s = -0*h - 5, -25 = 5*s. Suppose -l + 12 - h = u. List the prime factors of l.
2
Le